{"id":71,"date":"2021-02-01T10:58:20","date_gmt":"2021-02-01T09:58:20","guid":{"rendered":"http:\/\/lemplacement.com\/?page_id=71"},"modified":"2021-08-25T10:37:01","modified_gmt":"2021-08-25T08:37:01","slug":"nos-conseils-de-vente","status":"publish","type":"page","link":"https:\/\/lemplacement.com\/?page_id=71","title":{"rendered":"Nos conseils de vente"},"content":{"rendered":"<h2>Un accompagnement et des conseils de professionnels<\/h2>\n<p>Notre estimation sera juste car proche du march\u00e9 r\u00e9el de l\u2019immobilier \u00e0 Strasbourg. Nous comparerons votre bien avec d\u2019autres biens vendus r\u00e9cemment dans le m\u00eame quartier.<\/p>\n<p>L\u2019objectif de l\u2019Emplacement est de satisfaire ses clients en les accompagnant dans la r\u00e9alisation de leur projet. Nous avons \u00e9tabli une liste de clients potentiels pour chaque quartier de Strasbourg.<\/p>\n<p>Nous d\u00e9taillons avec eux quels sont leurs crit\u00e8res d\u2019achat incompressibles (situation ,surface ,nombre de pi\u00e8ces ,budget ) de telle sorte que nous ne faisons pas de visites inutiles.<\/p>\n<p>Trop de vendeurs ont le sentiment de voir d\u00e9filer des personnes qui n\u2019ont pas d\u2019int\u00e9r\u00eat pour leur bien et trop d\u2019acqu\u00e9reurs ont celui de ne pas \u00eatre \u00e9cout\u00e9 et de visiter des lieux bien loin de ce qu\u2019ils d\u00e9sirent !<\/p>\n<p>&nbsp;<\/p>\n<p>&nbsp;<\/p>\n<p><img loading=\"lazy\" decoding=\"async\" class=\"alignleft wp-image-548 size-full\" src=\"https:\/\/lemplacement.com\/wp-content\/uploads\/2021\/08\/nos-conseils-de-vente.png\" alt=\"\" width=\"900\" height=\"881\" srcset=\"https:\/\/lemplacement.com\/wp-content\/uploads\/2021\/08\/nos-conseils-de-vente.png 900w, https:\/\/lemplacement.com\/wp-content\/uploads\/2021\/08\/nos-conseils-de-vente-300x294.png 300w, https:\/\/lemplacement.com\/wp-content\/uploads\/2021\/08\/nos-conseils-de-vente-768x752.png 768w\" sizes=\"auto, (max-width: 900px) 100vw, 900px\" \/><\/p>\n<p>&nbsp;<\/p>\n<p>Nous pouvons vous aider \u00e0 mettre en valeur votre bien et \u00e0 faire ressortir son potentiel. En effet, plus votre bien sera attractif visuellement, plus il aura de chances de se vendre. Notre objectif est d\u2019\u00eatre toujours plus performant.<\/p>\n<p>&nbsp;<\/p>\n<p>Nous sommes vos repr\u00e9sentants lorsque les acheteurs feront une offre. Nous serons pr\u00e9sents et nous vous aiderons dans toutes les d\u00e9marches pour la vente de votre bien, dans les relations avec l\u2019acheteur et son notaire.<\/p>\n<p>&nbsp;<\/p>\n<p>Nous sommes pr\u00e9sents \u00e0 Strasbourg et en particulier \u00e0 la Robertsau depuis longtemps. Christelle a \u00e9galement une exp\u00e9rience internationale anglo-saxonne de plus de 7ans, son bilinguisme est un atout majeur dans ce quartier.<\/p>\n<h2><\/h2>\n<h2>Travaux dans une copropri\u00e9t\u00e9 : qui paye quoi ?<\/h2>\n<p>Les travaux vot\u00e9s avant la promesse restent int\u00e9gralement \u00e0 la charge du vendeur. Les travaux vot\u00e9s entre la promesse et l\u2019acte de vente sont \u00e0 la charge de l\u2019acqu\u00e9reur si le vendeur lui donne pouvoir d\u2019assister \u00e0 l\u2019assembl\u00e9e \u00e0 sa place (et quel que soit son vote).<\/p>\n<p>La loi pr\u00e9voit que le syndic n\u2019a pas \u00e0 tenir compte de la r\u00e9partition dont vous convenez entre vous.<\/p>\n<p>Qu\u2019il y ait ou non un accord particulier entre le vendeur et l\u2019acheteur, le syndic appellera les fonds chez celui qui est propri\u00e9taire au moment de l\u2019exigibilit\u00e9 des sommes. C\u2019est-\u00e0-dire aupr\u00e8s de l\u2019acheteur pour les appels de fonds post\u00e9rieurs \u00e0 la vente, m\u00eame si le vendeur s\u2019est engag\u00e9 \u00e0 les prendre en charge.<\/p>\n<p>Dans ce cas ,le notaire pr\u00e9l\u00e8vera les sommes dues par le vendeur sur le prix de vente; en application des clauses du compromis. Qu\u2019il y ait ou non un accord entre le vendeur et l\u2019acheteur, le syndic appellera les fonds chez celui qui est propri\u00e9taire au moment de l\u2019exigibilit\u00e9 des sommes. C\u2019est-\u00e0-dire aupr\u00e8s de l\u2019acheteur pour les appels de fonds post\u00e9rieurs \u00e0 la vente, m\u00eame si le vendeur s\u2019est engag\u00e9 \u00e0 les prendre en charge.<\/p>\n","protected":false},"excerpt":{"rendered":"<p>Un accompagnement et des conseils de professionnels Notre estimation sera juste car proche du march\u00e9 r\u00e9el de l\u2019immobilier \u00e0 Strasbourg. Nous comparerons votre bien avec d\u2019autres biens vendus r\u00e9cemment dans le m\u00eame quartier. L\u2019objectif de l\u2019Emplacement est de satisfaire ses clients en les accompagnant dans la r\u00e9alisation de leur projet. Nous avons \u00e9tabli une liste [&hellip;]<\/p>\n","protected":false},"author":1,"featured_media":0,"parent":0,"menu_order":0,"comment_status":"closed","ping_status":"closed","template":"","meta":{"footnotes":""},"class_list":["post-71","page","type-page","status-publish","hentry"],"yoast_head":"<!-- This site is optimized with the Yoast SEO plugin v24.6 - https:\/\/yoast.com\/wordpress\/plugins\/seo\/ -->\n<title>Nos conseils de vente - L&#039;emplacement<\/title>\n<meta name=\"robots\" content=\"index, follow, max-snippet:-1, max-image-preview:large, max-video-preview:-1\" \/>\n<link rel=\"canonical\" href=\"https:\/\/lemplacement.com\/?page_id=71\" \/>\n<meta property=\"og:locale\" content=\"fr_FR\" \/>\n<meta property=\"og:type\" content=\"article\" \/>\n<meta property=\"og:title\" content=\"Nos conseils de vente - L&#039;emplacement\" \/>\n<meta property=\"og:description\" content=\"Un accompagnement et des conseils de professionnels Notre estimation sera juste car proche du march\u00e9 r\u00e9el de l\u2019immobilier \u00e0 Strasbourg. Nous comparerons votre bien avec d\u2019autres biens vendus r\u00e9cemment dans le m\u00eame quartier. L\u2019objectif de l\u2019Emplacement est de satisfaire ses clients en les accompagnant dans la r\u00e9alisation de leur projet. Nous avons \u00e9tabli une liste [&hellip;]\" \/>\n<meta property=\"og:url\" content=\"https:\/\/lemplacement.com\/?page_id=71\" \/>\n<meta property=\"og:site_name\" content=\"L&#039;emplacement\" \/>\n<meta property=\"article:modified_time\" content=\"2021-08-25T08:37:01+00:00\" \/>\n<meta property=\"og:image\" content=\"http:\/\/lemplacement.com\/wp-content\/uploads\/2021\/08\/nos-conseils-de-vente.png\" \/>\n<meta name=\"twitter:card\" content=\"summary_large_image\" \/>\n<meta name=\"twitter:label1\" content=\"Dur\u00e9e de lecture estim\u00e9e\" \/>\n\t<meta name=\"twitter:data1\" content=\"2 minutes\" \/>\n<script type=\"application\/ld+json\" class=\"yoast-schema-graph\">{\"@context\":\"https:\/\/schema.org\",\"@graph\":[{\"@type\":\"WebPage\",\"@id\":\"https:\/\/lemplacement.com\/?page_id=71\",\"url\":\"https:\/\/lemplacement.com\/?page_id=71\",\"name\":\"Nos conseils de vente - L&#039;emplacement\",\"isPartOf\":{\"@id\":\"https:\/\/lemplacement.com\/#website\"},\"primaryImageOfPage\":{\"@id\":\"https:\/\/lemplacement.com\/?page_id=71#primaryimage\"},\"image\":{\"@id\":\"https:\/\/lemplacement.com\/?page_id=71#primaryimage\"},\"thumbnailUrl\":\"http:\/\/lemplacement.com\/wp-content\/uploads\/2021\/08\/nos-conseils-de-vente.png\",\"datePublished\":\"2021-02-01T09:58:20+00:00\",\"dateModified\":\"2021-08-25T08:37:01+00:00\",\"breadcrumb\":{\"@id\":\"https:\/\/lemplacement.com\/?page_id=71#breadcrumb\"},\"inLanguage\":\"fr-FR\",\"potentialAction\":[{\"@type\":\"ReadAction\",\"target\":[\"https:\/\/lemplacement.com\/?page_id=71\"]}]},{\"@type\":\"ImageObject\",\"inLanguage\":\"fr-FR\",\"@id\":\"https:\/\/lemplacement.com\/?page_id=71#primaryimage\",\"url\":\"http:\/\/lemplacement.com\/wp-content\/uploads\/2021\/08\/nos-conseils-de-vente.png\",\"contentUrl\":\"http:\/\/lemplacement.com\/wp-content\/uploads\/2021\/08\/nos-conseils-de-vente.png\"},{\"@type\":\"BreadcrumbList\",\"@id\":\"https:\/\/lemplacement.com\/?page_id=71#breadcrumb\",\"itemListElement\":[{\"@type\":\"ListItem\",\"position\":1,\"name\":\"Accueil\",\"item\":\"https:\/\/lemplacement.com\/\"},{\"@type\":\"ListItem\",\"position\":2,\"name\":\"Nos conseils de vente\"}]},{\"@type\":\"WebSite\",\"@id\":\"https:\/\/lemplacement.com\/#website\",\"url\":\"https:\/\/lemplacement.com\/\",\"name\":\"L&#039;emplacement\",\"description\":\"\",\"potentialAction\":[{\"@type\":\"SearchAction\",\"target\":{\"@type\":\"EntryPoint\",\"urlTemplate\":\"https:\/\/lemplacement.com\/?s={search_term_string}\"},\"query-input\":{\"@type\":\"PropertyValueSpecification\",\"valueRequired\":true,\"valueName\":\"search_term_string\"}}],\"inLanguage\":\"fr-FR\"}]}<\/script>\n<!-- \/ Yoast SEO plugin. -->","yoast_head_json":{"title":"Nos conseils de vente - L&#039;emplacement","robots":{"index":"index","follow":"follow","max-snippet":"max-snippet:-1","max-image-preview":"max-image-preview:large","max-video-preview":"max-video-preview:-1"},"canonical":"https:\/\/lemplacement.com\/?page_id=71","og_locale":"fr_FR","og_type":"article","og_title":"Nos conseils de vente - L&#039;emplacement","og_description":"Un accompagnement et des conseils de professionnels Notre estimation sera juste car proche du march\u00e9 r\u00e9el de l\u2019immobilier \u00e0 Strasbourg. Nous comparerons votre bien avec d\u2019autres biens vendus r\u00e9cemment dans le m\u00eame quartier. L\u2019objectif de l\u2019Emplacement est de satisfaire ses clients en les accompagnant dans la r\u00e9alisation de leur projet. Nous avons \u00e9tabli une liste [&hellip;]","og_url":"https:\/\/lemplacement.com\/?page_id=71","og_site_name":"L&#039;emplacement","article_modified_time":"2021-08-25T08:37:01+00:00","og_image":[{"url":"http:\/\/lemplacement.com\/wp-content\/uploads\/2021\/08\/nos-conseils-de-vente.png","type":"","width":"","height":""}],"twitter_card":"summary_large_image","twitter_misc":{"Dur\u00e9e de lecture estim\u00e9e":"2 minutes"},"schema":{"@context":"https:\/\/schema.org","@graph":[{"@type":"WebPage","@id":"https:\/\/lemplacement.com\/?page_id=71","url":"https:\/\/lemplacement.com\/?page_id=71","name":"Nos conseils de vente - L&#039;emplacement","isPartOf":{"@id":"https:\/\/lemplacement.com\/#website"},"primaryImageOfPage":{"@id":"https:\/\/lemplacement.com\/?page_id=71#primaryimage"},"image":{"@id":"https:\/\/lemplacement.com\/?page_id=71#primaryimage"},"thumbnailUrl":"http:\/\/lemplacement.com\/wp-content\/uploads\/2021\/08\/nos-conseils-de-vente.png","datePublished":"2021-02-01T09:58:20+00:00","dateModified":"2021-08-25T08:37:01+00:00","breadcrumb":{"@id":"https:\/\/lemplacement.com\/?page_id=71#breadcrumb"},"inLanguage":"fr-FR","potentialAction":[{"@type":"ReadAction","target":["https:\/\/lemplacement.com\/?page_id=71"]}]},{"@type":"ImageObject","inLanguage":"fr-FR","@id":"https:\/\/lemplacement.com\/?page_id=71#primaryimage","url":"http:\/\/lemplacement.com\/wp-content\/uploads\/2021\/08\/nos-conseils-de-vente.png","contentUrl":"http:\/\/lemplacement.com\/wp-content\/uploads\/2021\/08\/nos-conseils-de-vente.png"},{"@type":"BreadcrumbList","@id":"https:\/\/lemplacement.com\/?page_id=71#breadcrumb","itemListElement":[{"@type":"ListItem","position":1,"name":"Accueil","item":"https:\/\/lemplacement.com\/"},{"@type":"ListItem","position":2,"name":"Nos conseils de vente"}]},{"@type":"WebSite","@id":"https:\/\/lemplacement.com\/#website","url":"https:\/\/lemplacement.com\/","name":"L&#039;emplacement","description":"","potentialAction":[{"@type":"SearchAction","target":{"@type":"EntryPoint","urlTemplate":"https:\/\/lemplacement.com\/?s={search_term_string}"},"query-input":{"@type":"PropertyValueSpecification","valueRequired":true,"valueName":"search_term_string"}}],"inLanguage":"fr-FR"}]}},"_links":{"self":[{"href":"https:\/\/lemplacement.com\/index.php?rest_route=\/wp\/v2\/pages\/71","targetHints":{"allow":["GET"]}}],"collection":[{"href":"https:\/\/lemplacement.com\/index.php?rest_route=\/wp\/v2\/pages"}],"about":[{"href":"https:\/\/lemplacement.com\/index.php?rest_route=\/wp\/v2\/types\/page"}],"author":[{"embeddable":true,"href":"https:\/\/lemplacement.com\/index.php?rest_route=\/wp\/v2\/users\/1"}],"replies":[{"embeddable":true,"href":"https:\/\/lemplacement.com\/index.php?rest_route=%2Fwp%2Fv2%2Fcomments&post=71"}],"version-history":[{"count":13,"href":"https:\/\/lemplacement.com\/index.php?rest_route=\/wp\/v2\/pages\/71\/revisions"}],"predecessor-version":[{"id":557,"href":"https:\/\/lemplacement.com\/index.php?rest_route=\/wp\/v2\/pages\/71\/revisions\/557"}],"wp:attachment":[{"href":"https:\/\/lemplacement.com\/index.php?rest_route=%2Fwp%2Fv2%2Fmedia&parent=71"}],"curies":[{"name":"wp","href":"https:\/\/api.w.org\/{rel}","templated":true}]}}