{"id":601,"date":"2021-08-25T14:35:02","date_gmt":"2021-08-25T12:35:02","guid":{"rendered":"http:\/\/lemplacement.com\/?page_id=601"},"modified":"2021-08-25T14:35:02","modified_gmt":"2021-08-25T12:35:02","slug":"price-list","status":"publish","type":"page","link":"https:\/\/lemplacement.com\/?page_id=601&lang=en","title":{"rendered":"Price list"},"content":{"rendered":"<h2>Honoraires de ventes:<\/h2>\n<p>A la charge de l\u2019acqu\u00e9reur sauf stipulations contraires pr\u00e9vues au mandat:<\/p>\n<table style=\"border-collapse: collapse; width: 100%;\">\n<tbody>\n<tr>\n<td style=\"width: 50%;\">Appartement ou maison:<\/td>\n<td style=\"width: 50%;\">Montant des honoraires TTC en %<\/td>\n<\/tr>\n<tr>\n<td style=\"width: 50%;\">Jusqu\u2019\u00e0 100 000 \u20ac<\/td>\n<td style=\"width: 50%;\">Forfait de 5 000\u20ac<\/td>\n<\/tr>\n<tr>\n<td style=\"width: 50%;\">Au-del\u00e0 de 100 000 \u20ac<\/td>\n<td style=\"width: 50%;\">5 %<\/td>\n<\/tr>\n<tr>\n<td style=\"width: 50%;\">Terrain, Fonds de commerce<\/td>\n<td style=\"width: 50%;\">5%<\/td>\n<\/tr>\n<tr>\n<td style=\"width: 50%;\">Locaux commerciaux, Parts sociales de SCI<\/td>\n<td style=\"width: 50%;\">5 %<\/td>\n<\/tr>\n<tr>\n<td style=\"width: 50%;\">Autres ventes<\/td>\n<td style=\"width: 50%;\">5 %<\/td>\n<\/tr>\n<\/tbody>\n<\/table>\n<p>&nbsp;<\/p>\n<h2>Honoraires de locations:<\/h2>\n<p>Locaux d\u2019habitation soumis \u00e0 la loi du 6 juillet 1989<\/p>\n<table style=\"border-collapse: collapse; width: 100%;\">\n<tbody>\n<tr>\n<td style=\"width: 33.3333%;\" colspan=\"3\">Part locataire<br \/>\nMontants maximum ne pouvant \u00eatre sup\u00e9rieurs aux honoraires factur\u00e9s aux propri\u00e9taires<\/td>\n<\/tr>\n<tr>\n<td style=\"width: 33.3333%;\">Visite, constitution du dossier locataire et r\u00e9daction du bail<\/td>\n<td style=\"width: 33.694%;\">En zone tr\u00e8s tendue<\/p>\n<p>En zone tendue<\/p>\n<p>Hors zones tr\u00e8s tendues et tr\u00e8s tendues<\/td>\n<td style=\"width: 32.9726%;\">12,00 \u20ac\/m\u00b2<\/p>\n<p>10,00 \u20ac\/m\u00b2<\/p>\n<p>8,00 \u20ac\/m\u00b2<\/td>\n<\/tr>\n<tr>\n<td style=\"width: 33.3333%;\" colspan=\"2\">\u00c9tat des lieux<\/td>\n<td style=\"width: 32.9726%;\">3,00 \u20ac\/m\u00b2<\/td>\n<\/tr>\n<\/tbody>\n<\/table>\n<p>&nbsp;<\/p>\n<table style=\"border-collapse: collapse; width: 100%;\">\n<tbody>\n<tr>\n<td style=\"width: 33.3333%;\" colspan=\"3\">Part bailleur<br \/>\nMontants maximum ne pouvant \u00eatre inf\u00e9rieurs aux honoraires factur\u00e9s aux locataires<\/td>\n<\/tr>\n<tr>\n<td style=\"width: 33.3333%;\">Entremise et n\u00e9gociation, visite, constitution du dossier, r\u00e9daction du bail et \u00e9tat des lieux<\/td>\n<td style=\"width: 33.3333%;\">Toutes zones confondues<\/td>\n<td style=\"width: 33.3333%;\">9 % TTC du loyer<br \/>\nannuel<\/td>\n<\/tr>\n<\/tbody>\n<\/table>\n<p>&nbsp;<\/p>\n<p>Honoraires pour la r\u00e9daction d\u2019un bail \u00e0 usage d\u2019habitation soumis \u00e0 la loi du 6 juillet 1989:<br \/>\n350 \u20ac TTC<\/p>\n<p>Estimations:<br \/>\n<a href=\"https:\/\/lemplacement.com\/nous-contacter\/\">Nous consulter<\/a><\/p>\n<p>Locaux non soumis \u00e0 la loi du 6 juillet 1989<\/p>\n<p>Honoraires de location pour les locaux commerciaux et professionnels:<br \/>\n25% HTC du loyer annuel hors charges et hors taxes \u00e0 la charge du preneur sauf stipulations contraires inscrites au bail.<\/p>\n<p>Honoraires pour la r\u00e9daction d\u2019un bail commercial ou professionnel:<br \/>\n<a href=\"https:\/\/lemplacement.com\/nous-contacter\/\">Nous consulter<\/a><\/p>\n<p>Honoraires de location pour les boxes, garages ou parkings:<br \/>\nUn mois de loyer hors charges \u00e0 la charge du preneur et un mois de loyer hors charges \u00e0 la charge du bailleur.<\/p>\n<p>Taux de TVA actuel de 20 %<\/p>\n<p>Strasbourg est situ\u00e9e en zone tendue<\/p>\n","protected":false},"excerpt":{"rendered":"<p>Honoraires de ventes: A la charge de l\u2019acqu\u00e9reur sauf stipulations contraires pr\u00e9vues au mandat: Appartement ou maison: Montant des honoraires TTC en % Jusqu\u2019\u00e0 100 000 \u20ac Forfait de 5 000\u20ac Au-del\u00e0 de 100 000 \u20ac 5 % Terrain, Fonds de commerce 5% Locaux commerciaux, Parts sociales de SCI 5 % Autres ventes 5 % [&hellip;]<\/p>\n","protected":false},"author":1,"featured_media":0,"parent":0,"menu_order":0,"comment_status":"closed","ping_status":"closed","template":"","meta":{"footnotes":""},"class_list":["post-601","page","type-page","status-publish","hentry"],"yoast_head":"<!-- This site is optimized with the Yoast SEO plugin v24.6 - https:\/\/yoast.com\/wordpress\/plugins\/seo\/ -->\n<title>Price list - L&#039;emplacement<\/title>\n<meta name=\"robots\" content=\"index, follow, max-snippet:-1, max-image-preview:large, max-video-preview:-1\" \/>\n<link rel=\"canonical\" href=\"https:\/\/lemplacement.com\/?page_id=601&lang=en\" \/>\n<meta property=\"og:locale\" content=\"fr_FR\" \/>\n<meta property=\"og:type\" content=\"article\" \/>\n<meta property=\"og:title\" content=\"Price list - L&#039;emplacement\" \/>\n<meta property=\"og:description\" content=\"Honoraires de ventes: A la charge de l\u2019acqu\u00e9reur sauf stipulations contraires pr\u00e9vues au mandat: Appartement ou maison: Montant des honoraires TTC en % Jusqu\u2019\u00e0 100 000 \u20ac Forfait de 5 000\u20ac Au-del\u00e0 de 100 000 \u20ac 5 % Terrain, Fonds de commerce 5% Locaux commerciaux, Parts sociales de SCI 5 % Autres ventes 5 % [&hellip;]\" \/>\n<meta property=\"og:url\" content=\"https:\/\/lemplacement.com\/?page_id=601&amp;lang=en\" \/>\n<meta property=\"og:site_name\" content=\"L&#039;emplacement\" \/>\n<meta name=\"twitter:card\" content=\"summary_large_image\" \/>\n<meta name=\"twitter:label1\" content=\"Dur\u00e9e de lecture estim\u00e9e\" \/>\n\t<meta name=\"twitter:data1\" content=\"1 minute\" \/>\n<script type=\"application\/ld+json\" class=\"yoast-schema-graph\">{\"@context\":\"https:\/\/schema.org\",\"@graph\":[{\"@type\":\"WebPage\",\"@id\":\"https:\/\/lemplacement.com\/?page_id=601&lang=en\",\"url\":\"https:\/\/lemplacement.com\/?page_id=601&lang=en\",\"name\":\"Price list - L&#039;emplacement\",\"isPartOf\":{\"@id\":\"https:\/\/lemplacement.com\/#website\"},\"datePublished\":\"2021-08-25T12:35:02+00:00\",\"breadcrumb\":{\"@id\":\"https:\/\/lemplacement.com\/?page_id=601&lang=en#breadcrumb\"},\"inLanguage\":\"fr-FR\",\"potentialAction\":[{\"@type\":\"ReadAction\",\"target\":[\"https:\/\/lemplacement.com\/?page_id=601&lang=en\"]}]},{\"@type\":\"BreadcrumbList\",\"@id\":\"https:\/\/lemplacement.com\/?page_id=601&lang=en#breadcrumb\",\"itemListElement\":[{\"@type\":\"ListItem\",\"position\":1,\"name\":\"Accueil\",\"item\":\"https:\/\/lemplacement.com\/\"},{\"@type\":\"ListItem\",\"position\":2,\"name\":\"Price list\"}]},{\"@type\":\"WebSite\",\"@id\":\"https:\/\/lemplacement.com\/#website\",\"url\":\"https:\/\/lemplacement.com\/\",\"name\":\"L&#039;emplacement\",\"description\":\"\",\"potentialAction\":[{\"@type\":\"SearchAction\",\"target\":{\"@type\":\"EntryPoint\",\"urlTemplate\":\"https:\/\/lemplacement.com\/?s={search_term_string}\"},\"query-input\":{\"@type\":\"PropertyValueSpecification\",\"valueRequired\":true,\"valueName\":\"search_term_string\"}}],\"inLanguage\":\"fr-FR\"}]}<\/script>\n<!-- \/ Yoast SEO plugin. -->","yoast_head_json":{"title":"Price list - L&#039;emplacement","robots":{"index":"index","follow":"follow","max-snippet":"max-snippet:-1","max-image-preview":"max-image-preview:large","max-video-preview":"max-video-preview:-1"},"canonical":"https:\/\/lemplacement.com\/?page_id=601&lang=en","og_locale":"fr_FR","og_type":"article","og_title":"Price list - L&#039;emplacement","og_description":"Honoraires de ventes: A la charge de l\u2019acqu\u00e9reur sauf stipulations contraires pr\u00e9vues au mandat: Appartement ou maison: Montant des honoraires TTC en % Jusqu\u2019\u00e0 100 000 \u20ac Forfait de 5 000\u20ac Au-del\u00e0 de 100 000 \u20ac 5 % Terrain, Fonds de commerce 5% Locaux commerciaux, Parts sociales de SCI 5 % Autres ventes 5 % [&hellip;]","og_url":"https:\/\/lemplacement.com\/?page_id=601&lang=en","og_site_name":"L&#039;emplacement","twitter_card":"summary_large_image","twitter_misc":{"Dur\u00e9e de lecture estim\u00e9e":"1 minute"},"schema":{"@context":"https:\/\/schema.org","@graph":[{"@type":"WebPage","@id":"https:\/\/lemplacement.com\/?page_id=601&lang=en","url":"https:\/\/lemplacement.com\/?page_id=601&lang=en","name":"Price list - L&#039;emplacement","isPartOf":{"@id":"https:\/\/lemplacement.com\/#website"},"datePublished":"2021-08-25T12:35:02+00:00","breadcrumb":{"@id":"https:\/\/lemplacement.com\/?page_id=601&lang=en#breadcrumb"},"inLanguage":"fr-FR","potentialAction":[{"@type":"ReadAction","target":["https:\/\/lemplacement.com\/?page_id=601&lang=en"]}]},{"@type":"BreadcrumbList","@id":"https:\/\/lemplacement.com\/?page_id=601&lang=en#breadcrumb","itemListElement":[{"@type":"ListItem","position":1,"name":"Accueil","item":"https:\/\/lemplacement.com\/"},{"@type":"ListItem","position":2,"name":"Price list"}]},{"@type":"WebSite","@id":"https:\/\/lemplacement.com\/#website","url":"https:\/\/lemplacement.com\/","name":"L&#039;emplacement","description":"","potentialAction":[{"@type":"SearchAction","target":{"@type":"EntryPoint","urlTemplate":"https:\/\/lemplacement.com\/?s={search_term_string}"},"query-input":{"@type":"PropertyValueSpecification","valueRequired":true,"valueName":"search_term_string"}}],"inLanguage":"fr-FR"}]}},"_links":{"self":[{"href":"https:\/\/lemplacement.com\/index.php?rest_route=\/wp\/v2\/pages\/601","targetHints":{"allow":["GET"]}}],"collection":[{"href":"https:\/\/lemplacement.com\/index.php?rest_route=\/wp\/v2\/pages"}],"about":[{"href":"https:\/\/lemplacement.com\/index.php?rest_route=\/wp\/v2\/types\/page"}],"author":[{"embeddable":true,"href":"https:\/\/lemplacement.com\/index.php?rest_route=\/wp\/v2\/users\/1"}],"replies":[{"embeddable":true,"href":"https:\/\/lemplacement.com\/index.php?rest_route=%2Fwp%2Fv2%2Fcomments&post=601"}],"version-history":[{"count":1,"href":"https:\/\/lemplacement.com\/index.php?rest_route=\/wp\/v2\/pages\/601\/revisions"}],"predecessor-version":[{"id":603,"href":"https:\/\/lemplacement.com\/index.php?rest_route=\/wp\/v2\/pages\/601\/revisions\/603"}],"wp:attachment":[{"href":"https:\/\/lemplacement.com\/index.php?rest_route=%2Fwp%2Fv2%2Fmedia&parent=601"}],"curies":[{"name":"wp","href":"https:\/\/api.w.org\/{rel}","templated":true}]}}